{"id":414,"date":"2021-01-02T07:46:42","date_gmt":"2021-01-02T07:46:42","guid":{"rendered":"https:\/\/gomluylau.com\/?post_type=product&#038;p=414"},"modified":"2022-05-03T06:15:21","modified_gmt":"2022-05-03T06:15:21","slug":"binh-vinh-hoa-phu-quy","status":"publish","type":"product","link":"https:\/\/gomluylau.com\/index.php\/product\/binh-vinh-hoa-phu-quy\/","title":{"rendered":"Bi\u0300nh Vinh Hoa Phu\u0301 quy\u0301"},"content":{"rendered":"<p>\u0110\u00fang nh\u01b0 t\u00ean g\u1ecdi, b\u00ecnh c\u00e1ch \u0111i\u1ec7u tay n\u1eafm b\u1eb1ng c\u1eb7p r\u1ed3ng th\u1eddi L\u00fd. Ph\u00eda th\u00e2n b\u00ecnh l\u00e0 h\u00ecnh \u1ea3nh \u201cEm b\u00e9 \u00f4m g\u00e0\u201d th\u01b0\u1eddng th\u1ea5y trong tranh \u0110\u00f4ng H\u1ed3, d\u00e2n gian hay g\u1ecdi l\u00e0 vinh hoa, t\u01b0\u1ee3ng tr\u01b0ng cho \u01b0\u1edbc mu\u1ed1n hi\u1ec3n \u0111\u1ea1t, v\u1edbi \u0111\u1ee7 \u0111\u1ee9c h\u1ea1nh qu\u00e2n t\u1eed nh\u01b0: nh\u00e2n, ngh\u0129a, t\u00edn, d\u0169ng v\u00e0 v\u0103n v\u00f5 song to\u00e0n\u2026<\/p>\n<p>B\u00ecnh \u0111\u01b0\u1ee3c l\u00e0m t\u1eeb g\u1ed1m c\u1ed5 \u0111\u1eb7c tr\u01b0ng v\u00f9ng Luy L\u00e2u, \u0111\u01b0\u1ee3c nung \u1edf nhi\u1ec7t \u0111\u1ed9 t\u1eeb 900-1050 \u0111\u1ed9 C. S\u1ea3n ph\u1ea9m c\u00f3 th\u1ec3 tr\u01b0ng b\u00e0y \u1edf ph\u00f2ng kh\u00e1ch, \u0111em t\u00e0i l\u1ed9c, vinh hoa cho gia ch\u1ee7.<\/p>\n","protected":false},"excerpt":{"rendered":"<p>\u0110\u00fang nh\u01b0 t\u00ean g\u1ecdi, b\u00ecnh c\u00e1ch \u0111i\u1ec7u tay n\u1eafm b\u1eb1ng c\u1eb7p r\u1ed3ng th\u1eddi L\u00fd. Ph\u00eda th\u00e2n b\u00ecnh l\u00e0 h\u00ecnh \u1ea3nh \u201cEm b\u00e9 \u00f4m g\u00e0\u201d th\u01b0\u1eddng th\u1ea5y trong tranh \u0110\u00f4ng H\u1ed3, d\u00e2n gian hay g\u1ecdi l\u00e0 vinh hoa, t\u01b0\u1ee3ng tr\u01b0ng cho \u01b0\u1edbc mu\u1ed1n hi\u1ec3n \u0111\u1ea1t, v\u1edbi \u0111\u1ee7 \u0111\u1ee9c h\u1ea1nh qu\u00e2n t\u1eed nh\u01b0: nh\u00e2n, ngh\u0129a, t\u00edn, d\u0169ng &#8230; <a title=\"Bi\u0300nh Vinh Hoa Phu\u0301 quy\u0301\" class=\"read-more\" href=\"https:\/\/gomluylau.com\/index.php\/product\/binh-vinh-hoa-phu-quy\/\" aria-label=\"More on Bi\u0300nh Vinh Hoa Phu\u0301 quy\u0301\">\u0110\u1ecdc ti\u1ebfp<\/a><\/p>\n","protected":false},"featured_media":1847,"comment_status":"open","ping_status":"closed","template":"","meta":[],"_links":{"self":[{"href":"https:\/\/gomluylau.com\/index.php\/wp-json\/wp\/v2\/product\/414"}],"collection":[{"href":"https:\/\/gomluylau.com\/index.php\/wp-json\/wp\/v2\/product"}],"about":[{"href":"https:\/\/gomluylau.com\/index.php\/wp-json\/wp\/v2\/types\/product"}],"replies":[{"embeddable":true,"href":"https:\/\/gomluylau.com\/index.php\/wp-json\/wp\/v2\/comments?post=414"}],"wp:featuredmedia":[{"embeddable":true,"href":"https:\/\/gomluylau.com\/index.php\/wp-json\/wp\/v2\/media\/1847"}],"wp:attachment":[{"href":"https:\/\/gomluylau.com\/index.php\/wp-json\/wp\/v2\/media?parent=414"}],"curies":[{"name":"wp","href":"https:\/\/api.w.org\/{rel}","templated":true}]}}