{"id":444,"date":"2021-01-03T03:35:48","date_gmt":"2021-01-03T03:35:48","guid":{"rendered":"https:\/\/gomluylau.com\/?post_type=product&#038;p=444"},"modified":"2022-05-03T05:57:24","modified_gmt":"2022-05-03T05:57:24","slug":"binh-trong-dong-5","status":"publish","type":"product","link":"https:\/\/gomluylau.com\/index.php\/product\/binh-trong-dong-5\/","title":{"rendered":"B\u00ecnh tr\u1ed1ng \u0111\u1ed3ng ( T\u011003 )"},"content":{"rendered":"<p>\u0110\u00e2y l\u00e0 m\u1ed9t s\u1ea3n ph\u1ea9m ti\u00eau bi\u1ec3u c\u1ee7a g\u1ed1m c\u1ed5 Luy L\u00e2u, v\u1edbi hoa v\u0103n, k\u00fd t\u1ef1, h\u00ecnh \u1ea3nh chim L\u1ea1c, \u0111\u1eb7c tr\u01b0ng c\u1ee7a ng\u01b0\u1eddi Vi\u1ec7t c\u1ed5. M\u00e0u men \u0111\u1ecf g\u1ea1ch k\u1ebft h\u1ee3p xanh \u00f4liu t\u1ea1o ra v\u1ebb \u0111\u1eb9p v\u1eeba c\u1ed5 k\u00ednh, t\u00f4n nghi\u1ec7m, v\u1eeba sang tr\u1ecdng. S\u1ea3n ph\u1ea9m \u0111\u01b0\u1ee3c nung \u1edf nhi\u1ec7t \u0111\u1ed9 t\u1eeb 900-1050 \u0111\u1ed9 C, ph\u00f9 h\u1ee3p tr\u01b0ng b\u00e0y ph\u00f2ng kh\u00e1ch, th\u1ec3 hi\u1ec7n phong c\u00e1ch c\u1ee7a gia ch\u1ee7.<\/p>\n","protected":false},"excerpt":{"rendered":"<p>\u0110\u00e2y l\u00e0 m\u1ed9t s\u1ea3n ph\u1ea9m ti\u00eau bi\u1ec3u c\u1ee7a g\u1ed1m c\u1ed5 Luy L\u00e2u, v\u1edbi hoa v\u0103n, k\u00fd t\u1ef1, h\u00ecnh \u1ea3nh chim L\u1ea1c, \u0111\u1eb7c tr\u01b0ng c\u1ee7a ng\u01b0\u1eddi Vi\u1ec7t c\u1ed5. M\u00e0u men \u0111\u1ecf g\u1ea1ch k\u1ebft h\u1ee3p xanh \u00f4liu t\u1ea1o ra v\u1ebb \u0111\u1eb9p v\u1eeba c\u1ed5 k\u00ednh, t\u00f4n nghi\u1ec7m, v\u1eeba sang tr\u1ecdng. S\u1ea3n ph\u1ea9m \u0111\u01b0\u1ee3c nung \u1edf nhi\u1ec7t \u0111\u1ed9 t\u1eeb &#8230; <a title=\"B\u00ecnh tr\u1ed1ng \u0111\u1ed3ng ( T\u011003 )\" class=\"read-more\" href=\"https:\/\/gomluylau.com\/index.php\/product\/binh-trong-dong-5\/\" aria-label=\"More on B\u00ecnh tr\u1ed1ng \u0111\u1ed3ng ( T\u011003 )\">\u0110\u1ecdc ti\u1ebfp<\/a><\/p>\n","protected":false},"featured_media":1831,"comment_status":"open","ping_status":"closed","template":"","meta":[],"_links":{"self":[{"href":"https:\/\/gomluylau.com\/index.php\/wp-json\/wp\/v2\/product\/444"}],"collection":[{"href":"https:\/\/gomluylau.com\/index.php\/wp-json\/wp\/v2\/product"}],"about":[{"href":"https:\/\/gomluylau.com\/index.php\/wp-json\/wp\/v2\/types\/product"}],"replies":[{"embeddable":true,"href":"https:\/\/gomluylau.com\/index.php\/wp-json\/wp\/v2\/comments?post=444"}],"wp:featuredmedia":[{"embeddable":true,"href":"https:\/\/gomluylau.com\/index.php\/wp-json\/wp\/v2\/media\/1831"}],"wp:attachment":[{"href":"https:\/\/gomluylau.com\/index.php\/wp-json\/wp\/v2\/media?parent=444"}],"curies":[{"name":"wp","href":"https:\/\/api.w.org\/{rel}","templated":true}]}}