{"id":472,"date":"2021-01-03T04:08:25","date_gmt":"2021-01-03T04:08:25","guid":{"rendered":"https:\/\/gomluylau.com\/?post_type=product&#038;p=472"},"modified":"2022-05-03T05:54:48","modified_gmt":"2022-05-03T05:54:48","slug":"binh-thinh-vuong","status":"publish","type":"product","link":"https:\/\/gomluylau.com\/index.php\/product\/binh-thinh-vuong\/","title":{"rendered":"B\u00ecnh Th\u1ecbnh v\u01b0\u1ee3ng"},"content":{"rendered":"<p>H\u00ecnh \u1ea3nh \u1edf th\u00e2n b\u00ecnh l\u00e0 c\u1eb7p r\u1ed3ng ch\u1ea7u m\u1eb7t nguy\u1ec7t, bi\u1ec3u t\u01b0\u1ee3ng c\u1ee7a \u00e2m d\u01b0\u01a1ng h\u00f2a h\u1ee3p trong v\u0169 tr\u1ee5, mang l\u1ea1i s\u1ee9c s\u1ed1ng m\u1ea1nh m\u1ebd, t\u00e0i l\u1ed9c cho con ng\u01b0\u1eddi. Men n\u00e2u g\u1ea1ch xen l\u1eabn xanh \u00f4liu mang l\u1ea1i c\u1ea3m gi\u00e1c sang tr\u1ecdng, c\u1ed5 k\u00ednh. B\u00ecnh \u0111\u01b0\u1ee3c l\u00e0m t\u1eeb ch\u1ea5t li\u1ec7u g\u1ed1m c\u1ed5 \u0111\u1eb7c tr\u01b0ng v\u00f9ng Luy L\u00e2u, \u0111\u01b0\u1ee3c nung \u1edf nhi\u1ec7t \u0111\u1ed9 t\u1eeb 900-1050 \u0111\u1ed9 C.<\/p>\n","protected":false},"excerpt":{"rendered":"<p>H\u00ecnh \u1ea3nh \u1edf th\u00e2n b\u00ecnh l\u00e0 c\u1eb7p r\u1ed3ng ch\u1ea7u m\u1eb7t nguy\u1ec7t, bi\u1ec3u t\u01b0\u1ee3ng c\u1ee7a \u00e2m d\u01b0\u01a1ng h\u00f2a h\u1ee3p trong v\u0169 tr\u1ee5, mang l\u1ea1i s\u1ee9c s\u1ed1ng m\u1ea1nh m\u1ebd, t\u00e0i l\u1ed9c cho con ng\u01b0\u1eddi. Men n\u00e2u g\u1ea1ch xen l\u1eabn xanh \u00f4liu mang l\u1ea1i c\u1ea3m gi\u00e1c sang tr\u1ecdng, c\u1ed5 k\u00ednh. B\u00ecnh \u0111\u01b0\u1ee3c l\u00e0m t\u1eeb ch\u1ea5t li\u1ec7u g\u1ed1m c\u1ed5 &#8230; <a title=\"B\u00ecnh Th\u1ecbnh v\u01b0\u1ee3ng\" class=\"read-more\" href=\"https:\/\/gomluylau.com\/index.php\/product\/binh-thinh-vuong\/\" aria-label=\"More on B\u00ecnh Th\u1ecbnh v\u01b0\u1ee3ng\">\u0110\u1ecdc ti\u1ebfp<\/a><\/p>\n","protected":false},"featured_media":1825,"comment_status":"open","ping_status":"closed","template":"","meta":[],"_links":{"self":[{"href":"https:\/\/gomluylau.com\/index.php\/wp-json\/wp\/v2\/product\/472"}],"collection":[{"href":"https:\/\/gomluylau.com\/index.php\/wp-json\/wp\/v2\/product"}],"about":[{"href":"https:\/\/gomluylau.com\/index.php\/wp-json\/wp\/v2\/types\/product"}],"replies":[{"embeddable":true,"href":"https:\/\/gomluylau.com\/index.php\/wp-json\/wp\/v2\/comments?post=472"}],"wp:featuredmedia":[{"embeddable":true,"href":"https:\/\/gomluylau.com\/index.php\/wp-json\/wp\/v2\/media\/1825"}],"wp:attachment":[{"href":"https:\/\/gomluylau.com\/index.php\/wp-json\/wp\/v2\/media?parent=472"}],"curies":[{"name":"wp","href":"https:\/\/api.w.org\/{rel}","templated":true}]}}