{"id":511,"date":"2021-01-03T04:38:27","date_gmt":"2021-01-03T04:38:27","guid":{"rendered":"https:\/\/gomluylau.com\/?post_type=product&#038;p=511"},"modified":"2022-05-03T05:37:04","modified_gmt":"2022-05-03T05:37:04","slug":"binh-bach-viet-vuong","status":"publish","type":"product","link":"https:\/\/gomluylau.com\/index.php\/product\/binh-bach-viet-vuong\/","title":{"rendered":"B\u00ecnh B\u00e1ch Vi\u1ec7t (Vu\u00f4ng):"},"content":{"rendered":"<p>\u0110\u00e2y l\u00e0 s\u1ea3n ph\u1ea9m ti\u00eau bi\u1ec3u c\u1ee7a g\u1ed1m c\u1ed5 Luy L\u00e2u v\u1edbi d\u00e1ng b\u00ecnh vu\u00f4ng d\u00e0i, t\u01b0\u1ee3ng tr\u01b0ng cho s\u1ee9c m\u1ea1nh, s\u1ef1 \u0111o\u00e0n k\u1ebft c\u1ee7a c\u00e1c b\u1ed9 t\u1ed9c B\u00e1ch Vi\u1ec7t. H\u1ecda ti\u1ebft th\u00e2n v\u00e0 \u0111\u00e1y b\u00ecnh l\u00e0 k\u00fd t\u1ef1 Vi\u1ec7t c\u1ed5 4.000-5.000 n\u0103m, hai quai \u0111\u01b0\u1ee3c c\u00e1ch \u0111i\u1ec1u h\u00ecnh c\u1eb7p chim.<\/p>\n<p>Ch\u1ea5t li\u1ec7u l\u00e0m t\u1eeb g\u1ed1m c\u1ed5 \u0111\u1eb7c tr\u01b0ng v\u00f9ng Luy L\u00e2u \u0111\u01b0\u1ee3c nung \u1edf nhi\u1ec7t \u0111\u1ed9 t\u1eeb 900-1050 \u0111\u1ed9 C. M\u00e0u men c\u1ed5 \u0111\u01b0\u1ee3c ph\u1ee5c d\u1ef1ng t\u1ea1o c\u1ea3m gi\u00e1c tr\u1ea7m m\u1eb7c, c\u1ed5 k\u00ednh. B\u00ecnh d\u00f9ng \u0111\u1ec3 c\u1eafm \u0111\u1ed3 v\u1eadt, trang tr\u00ed, d\u00e0nh ri\u00eang cho t\u1ea7ng l\u1edbp qu\u00fd t\u1ed9c, quan l\u1ea1i.<\/p>\n","protected":false},"excerpt":{"rendered":"<p>\u0110\u00e2y l\u00e0 s\u1ea3n ph\u1ea9m ti\u00eau bi\u1ec3u c\u1ee7a g\u1ed1m c\u1ed5 Luy L\u00e2u v\u1edbi d\u00e1ng b\u00ecnh vu\u00f4ng d\u00e0i, t\u01b0\u1ee3ng tr\u01b0ng cho s\u1ee9c m\u1ea1nh, s\u1ef1 \u0111o\u00e0n k\u1ebft c\u1ee7a c\u00e1c b\u1ed9 t\u1ed9c B\u00e1ch Vi\u1ec7t. H\u1ecda ti\u1ebft th\u00e2n v\u00e0 \u0111\u00e1y b\u00ecnh l\u00e0 k\u00fd t\u1ef1 Vi\u1ec7t c\u1ed5 4.000-5.000 n\u0103m, hai quai \u0111\u01b0\u1ee3c c\u00e1ch \u0111i\u1ec1u h\u00ecnh c\u1eb7p chim. Ch\u1ea5t li\u1ec7u l\u00e0m t\u1eeb &#8230; <a title=\"B\u00ecnh B\u00e1ch Vi\u1ec7t (Vu\u00f4ng):\" class=\"read-more\" href=\"https:\/\/gomluylau.com\/index.php\/product\/binh-bach-viet-vuong\/\" aria-label=\"More on B\u00ecnh B\u00e1ch Vi\u1ec7t (Vu\u00f4ng):\">\u0110\u1ecdc ti\u1ebfp<\/a><\/p>\n","protected":false},"featured_media":1817,"comment_status":"open","ping_status":"closed","template":"","meta":[],"_links":{"self":[{"href":"https:\/\/gomluylau.com\/index.php\/wp-json\/wp\/v2\/product\/511"}],"collection":[{"href":"https:\/\/gomluylau.com\/index.php\/wp-json\/wp\/v2\/product"}],"about":[{"href":"https:\/\/gomluylau.com\/index.php\/wp-json\/wp\/v2\/types\/product"}],"replies":[{"embeddable":true,"href":"https:\/\/gomluylau.com\/index.php\/wp-json\/wp\/v2\/comments?post=511"}],"wp:featuredmedia":[{"embeddable":true,"href":"https:\/\/gomluylau.com\/index.php\/wp-json\/wp\/v2\/media\/1817"}],"wp:attachment":[{"href":"https:\/\/gomluylau.com\/index.php\/wp-json\/wp\/v2\/media?parent=511"}],"curies":[{"name":"wp","href":"https:\/\/api.w.org\/{rel}","templated":true}]}}